
Let h be (-33)/5 + (-2)/5. Let f(w) = 14*w**3 + 268*w**2 - 5963*w + 29. Let k(d) = -d**3 - 19*d**2 + 421*d - 2. Let o(t) = 6*f(t) + 85*k(t). Determine o(h).
-45
Let s(d) = -9*d + 5. Let y(q) = -8*q + 6. Suppose r - 173 = -178. Let a(g) = r*s(g) + 6*y(g). Calculate a(9).
-16
Suppose 0 = -5*j - j + 54. Let o be (-10)/(-15)*j/2. Let k(b) = -2*b + 9 + 2*b - 2*b**2 + 7*b + b**o - 7*b**2. Calculate k(8).
1
Let w(i) be the second derivative of 2/3*i**3 + 1/12*i**4 + i**2 + 0 + 2*i. Let m(b) = b**3 + 54*b**2 - 54*b + 50. Let u be m(-55). What is w(u)?
7
Let q(s) = s + 2. Suppose -4*l - g + 23 = 0, -5 - 10 = -5*g. Suppose -2*c - 14 = 4*r, l*r + 5 + 10 = -2*c. Calculate q(c).
-3
Let n be -1*2 + 36/6. Let b(i) be the first derivative of 10 + 0*i + 3/2*i**2 - 1/3*i**3. Give b(n).
-4
Let p(j) = 2*j**3 - 1. Let k(v) = 8*v**3 - 3*v**2 + 7*v - 3. Let z(q) = -k(q) + 5*p(q). What is z(-3)?
-8
Let k = 11 + -11. Let i be 3 - ((k - -4) + -33). Let x(a) = 13 + a**2 + 11 + a - i + a**3. Calculate x(0).
-8
Suppose 0 = -2*r - 6, 4*b + 3*r = -114 + 165. Let s(v) = -13*v + 189. Determine s(b).
-6
Let t(c) = 10*c + 8. Let l(g) = 11*g - 2. Let y(o) = 2*o. Let f(k) = -4*l(k) + 28*y(k). Let d(a) = -6*f(a) + 7*t(a). Give d(7).
-6
Let j(k) be the first derivative of 7*k**2/2 - 34*k - 2188. Determine j(4).
-6
Let k(v) = -230*v - 913. Let q be k(-4). Let s(u) = u**2 - 12*u - 8. What is s(q)?
-43
Let a(i) = 11*i + 68. Let o(c) = -11*c - 52. Let j(t) = 3*a(t) + 4*o(t). What is j(4)?
-48
Let m(n) be the second derivative of n**3/6 - n**2 + 105*n + 2. Give m(11).
9
Let f(s) = s**3 - 9*s**2 + 9*s - 9. Suppose 628 = 34*x + 61*x + 153. What is f(x)?
-64
Let t(l) = -2*l. Suppose 2*q + 5*g + 3 = -2*q, -4*q + 3*g = -21. Suppose 4 = -p, 2*o = -3*o - q*p + 8. Determine t(o).
-8
Let s(r) be the third derivative of r**7/840 + r**6/90 - r**5/30 + 5*r**3/3 + 42*r**2. Let k(j) be the first derivative of s(j). Calculate k(-5).
-5
Let i(u) = u**2 - 4*u + 1. Let o = -72 - -86. Suppose o*h + 5 + 37 = 0. Calculate i(h).
22
Let s = -23 + 14. Let m(w) be the first derivative of 5*w**4/4 - 9*w**2/2 - 9*w - 33. Let x(b) = 2*b**3 - 4*b - 4. Let t(n) = s*x(n) + 4*m(n). Determine t(1).
2
Suppose -582*n + 571*n - 11 = 0. Let f(x) = 2*x + 1. Let q(s) = s - 8. Let z(o) = n*f(o) + q(o). Let y = -7 + 2. Determine z(y).
-4
Let h be (616/209 - (-6)/114) + (1 - 7). Let g(l) = -2*l**2 + 6*l + 8. Determine g(h).
-28
Let n(x) = -x**2 - 10*x + 45. Let f be 46/(-3) + 3036/(-99) + 30. Calculate n(f).
-51
Suppose 0 = -8*j - 60 + 20. Let t(c) = -9*c - 1. Determine t(j).
44
Let f be 7/1 + 1/2*2. Let k be f*(20/(-8) - -3). Let p(n) = -n**2 + n - 8. Let w(z) = 3*z**2 - 3*z + 22. Let i(m) = -17*p(m) - 6*w(m). Give i(k).
-8
Let g(s) be the third derivative of -31*s**4/24 + 95*s**3/6 - 550*s**2 - s. Determine g(3).
2
Let r(v) = v + v**2 + 0*v**3 + v + 2*v**3. Let j be 1 + -4 - (44 + -4) - -4. Let w = -41 - j. Determine r(w).
-16
Let z(x) be the first derivative of x**4/4 + 8*x**3/3 - 5*x**2/2 + 33*x - 2927. Calculate z(-9).
-3
Let r(d) be the third derivative of d**2 + 0 + 1/3*d**3 + 18*d + 1/24*d**4. Let h(w) = 2*w - 6. Let m be h(5). Give r(m).
6
Suppose 17*j - 180 = 26*j. Let b be 3*-2*10/j. Let q(s) = -3 - 54*s**b + 105*s**3 - 50*s**3 + 5*s**2 - s. Give q(-5).
2
Let h be ((-102)/(-4))/((-3)/(-4)). Let u = h + -32. Let s(z) = -3*z + 134 - z**u - 123 - 4*z. What is s(-9)?
-7
Suppose -35*c - 11*c - 79*c - 36*c = 0. Let r(l) = l**2 + l + 66. Calculate r(c).
66
Let w = 1017 + -1001. Let h = 14 - 5. Let j(z) = 8*z**2 + z**3 + h*z - 10 + w*z**2 - 33*z**2. What is j(8)?
-2
Let j(p) = -3*p**3 - 22*p**2 + 31*p + 14. Let a(g) = -g**3 - 7*g**2 + 10*g + 5. Suppose o = 9 + 2. Let x(y) = o*a(y) - 4*j(y). Calculate x(-12).
23
Let o(x) = 7*x - 7. Let f be o(2). Let i be (-86)/(-7) + (-2)/f. Suppose -11 + i = -q. Let v(z) = z - 1. What is v(q)?
-2
Let i be 102/10*(-35)/(-21). Suppose 5*b = i*b + 180. Let q(p) = -p - 22. Give q(b).
-7
Let x = 223 - 219. Suppose -x*a = 19*a + 115. Let n(y) = y - 1. Determine n(a).
-6
Suppose 0 = 33*l - 24*l - 27. Suppose 2*d - 2*k = 0, d = 2*d + l*k - 8. Let u(t) be the second derivative of -t**4/6 + t**3/6 + t**2/2 - 6*t. Determine u(d).
-5
Let a(d) = 2*d - 18. Let g be a(4). Let y be (-4 + 138/30)*g. Let z(i) = -i**3 - 6*i**2 - 6*i - 4. Determine z(y).
32
Let v(w) = w**2 - 37*w - 381. Let m be v(45). Let i(p) = -5*p - 96. Determine i(m).
9
Let m(u) = -10*u - 240. Suppose 2*q - 3*t + 55 = 0, -14*q - 3*t - 14 = -13*q. Determine m(q).
-10
Let c = -521 + 524. Let l(j) = 2*j + 0*j**2 - c*j + j**2 + 10 + j + 10*j. Determine l(-9).
1
Let x = 5 - 0. Suppose -3*j + 0*f + 3*f + 27 = 0, 4*j - x*f = 40. Let r(d) = j*d**3 + 4*d**2 - 2 + 0*d**3 - 3*d**3 - 3*d**3. Give r(3).
7
Suppose 2*q + 2*o = -3*o - 14, -q + 4*o + 6 = 0. Let t(s) = 17*s**2 - 10*s**2 - 12*s**2 + s. Determine t(q).
-22
Suppose d + 5 = 2*s, 6*s + 3*d = 4*s + 1. Let z = 0 + 3. Suppose 4*f + 32 = q + z*q, s*q = -2. Let l(r) = r**3 + 9*r**2 - 7. Calculate l(f).
-7
Let y(v) = -2*v - 21. Suppose 0 = 13*m + 145 + 37. What is y(m)?
7
Let f(k) = -6*k + 11. Suppose 72*u - 51*u = 42. Calculate f(u).
-1
Let i = 38 - 35. Let c(v) = -25 + v**2 + 2*v**2 + 24 + i*v. What is c(3)?
35
Let w(c) = 3*c + 2*c**3 - 3280*c**2 + 3279*c**2 + 11*c - 22*c - 7. Give w(-2).
-11
Let w(q) = 3*q**2 + q - 1. Let i be 1/(-2*(-1 - 9/(-8))). Let f = 6 + i. Calculate w(f).
13
Let a(p) = 22*p - 10*p + 0*p - 7*p - 3*p + 3. What is a(5)?
13
Let n(c) be the third derivative of -c**8/20160 - c**7/630 - 7*c**6/720 - 23*c**5/15 + 70*c**2. Let q(i) be the third derivative of n(i). Give q(-4).
9
Let w(r) be the first derivative of -23 - 1/3*r**3 - 3/2*r**2 + 0*r. What is w(-5)?
-10
Let b be ((-32)/(-6))/((-96)/(-72)). Let w(z) = -z**2 + 3*z + 6. What is w(b)?
2
Let i(t) = -t**3 - t**2 - 6*t - 2. Let x = 3583 + -3587. Give i(x).
70
Let h = -14 + 47. Suppose h*c + 123 = 30*c. Let b = c + 43. Let j(w) = -w**2 + 2*w + 1. What is j(b)?
1
Let g(f) = 4*f + 38. Let j be g(-8). Let i be (3/j + 4/(-2))*-2. Let u be 0/8 - (i + -2 + 0). Let v(p) = -19*p**2 - p. What is v(u)?
-18
Suppose 0 = -37*u + 362 - 29. Let q(f) = f**3 - 11*f**2 + 12*f - 22. Give q(u).
-76
Suppose 0 = w + 5*m - 18, w + 3*m = -2*w + 18. Suppose 0 = 5*d - 4*t + 16, -1 + w = -2*t. Let q(l) = l**2 + 4*l + 2. What is q(d)?
2
Let s(m) = 23 + 44*m**2 - 30*m**2 - m**3 + 551*m - 281*m - 283*m. Determine s(13).
23
Let x(f) = -f**2 + 21*f + 32. Suppose 0 = -93*m + 1098 + 1041. Determine x(m).
-14
Let l = 35 - 37. Let o(d) = -3*d**2 - 13*d - 1. Let k(h) = 11*h**2 + 41*h + 2. Let b(m) = l*k(m) - 7*o(m). What is b(7)?
17
Suppose 17*u - 3*x = 15*u + 946, 0 = -2*u - 3*x + 934. Let r = u + -469. Let m(d) = -12*d**2 - 1. Determine m(r).
-13
Let z = 74 - 83. Let y be (-156)/(-8)*(3/z - -1). Let s(q) = -q + 13. Determine s(y).
0
Let u(t) = 3*t**2 - 27*t + 60. Let j(d) = -4*d**2 + 40*d - 88. Let b(z) = 5*j(z) + 7*u(z). Give b(-12).
-8
Suppose 5 = f - 0. Let y(s) be the first derivative of -s**5/60 + s**4/8 + 7*s**3/6 - 3*s**2 + 3. Let m(l) be the second derivative of y(l). What is m(f)?
-3
Let g(r) = -r**2 + 14*r - 40. Let w(o) = o**2 - 40*o + 376. Let d be w(14). Give g(d).
-16
Suppose 20*h + 432 = -8*h - 44*h. Let g(j) = -j**2 - j + 1. Let d(s) = -3*s**2 - 2*s - 4. Let y(k) = -d(k) + 4*g(k). Determine y(h).
-16
Let l(i) = -i**3 + 2*i**2 + 7*i + 1. Let m be (-1 - -2 - (45 - 41)) + -4 + 4. Give l(m).
25
Let d(y) = -3*y + 6. Let g = -1008 - -999. Let u(h) = -h. Let n(s) = s**2 + 2*s - 14. Let c(z) = n(z) - 5*u(z). Let r be c(g). Give d(r).
-6
Let d(l) = -l**3 - 9*l**2 + 9 - 35 - 10*l + 41. Determine d(-7).
-13
Let u(a) = -5*a**2 + 1. Let n be u(1). Let b(k) be the first derivative of k**2/2 + 9*k - 1124. What is b(n)?
5
Let x(w) = w. Let m(f) = -f**2 + 13*f - 25. Let l(p) = m(p) + 2*x(p). Let t = -206 + 219. Determine l(t).
1
Let l = -8028 - -8031. Let s(b) be the third derivative of 0*b + 1/24*b**4 - 1/6*b**l + 0 + 7*b**2. Give s(6).
5
Let d(c) = 3 + 218*c + 12 - 416*c + 20 + 208*c. Determine d(-3).
5
Let g(f) = f**2 + 16*f + 14. Suppose -7*q + 38 = -4*r - 5*q, 0 = -2*r - 3*q - 31. Let s be (-30)/(-20)*(r - -1)*1. Give g(s).
-1
Let b(x) = 9*x**2 + 3 - 4 - 12*x - 3 + 3 + 10*x. Let n(a) = -a**2 - 2*a + 5. Let c be n(-3). What is b(c)?
31
Let t(h) = 2*h + 2.